 base 8?
-75744
Convert -11100100110000 (base 2) to base 11.
-aaaa
Convert -100010202 (base 3) to base 6.
-50502
Convert 210 (base 6) to base 9.
86
Convert -7352 (base 9) to base 10.
-5393
-2120200 (base 3) to base 16
-759
Convert -1001211100 (base 3) to base 4.
-11020113
Convert -2211111 (base 3) to base 6.
-13321
What is -1d7a1 (base 14) in base 15?
-17601
Convert -10033111 (base 4) to base 13.
-7b9a
Convert -11166 (base 7) to base 14.
-106d
What is b933 (base 13) in base 10?
25730
What is 1000110110001 (base 2) in base 8?
10661
What is -2320 (base 7) in base 6?
-3531
Convert -4 (base 10) to base 2.
-100
Convert 22121 (base 4) to base 6.
3025
-20030 (base 8) to base 6
-102012
What is 102236 (base 8) in base 3?
1201120102
What is 414e (base 15) in base 12?
7b9b
What is 539 (base 11) in base 5?
10042
What is 5234 (base 6) in base 5?
14144
What is 21330 (base 4) in base 7?
1566
152261 (base 7) to base 14
ab31
What is -4264 (base 7) in base 9?
-2064
What is 100110100011001 (base 2) in base 6?
231213
Convert 11120 (base 3) to base 5.
443
2271 (base 8) to base 15
559
Convert 19a (base 16) to base 8.
632
What is 1302 (base 14) in base 5?
101314
Convert -519 (base 12) to base 14.
-3ad
What is 15a1 (base 13) in base 3?
11100112
-37a (base 12) to base 15
-251
Convert -1220112 (base 4) to base 6.
-50530
-10101100 (base 2) to base 16
-ac
215340 (base 7) to base 12
19b29
What is -54a9 (base 11) in base 5?
-213013
What is -4322 (base 5) in base 9?
-722
What is -1102102112 (base 3) in base 2?
-110110101101101
-a34 (base 13) to base 12
-1005
Convert -110221 (base 4) to base 2.
-10100101001
Convert 11020002100 (base 3) to base 14.
22449
-303c (base 14) to base 2
-10000001011110
1a11 (base 12) to base 8
6155
Convert -584 (base 12) to base 10.
-820
What is -34315 (base 6) in base 4?
-1030013
-607 (base 9) to base 12
-351
3ddc (base 15) to base 2
11001111001001
What is -274 (base 12) in base 14?
-1cc
Convert -1440 (base 6) to base 13.
-237
Convert 35270 (base 8) to base 4.
3222320
What is -1bb (base 13) in base 2?
-101000011
Convert 1742 (base 9) to base 8.
2466
Convert 1102002 (base 3) to base 5.
13103
Convert -2f8e (base 16) to base 7.
-50331
Convert 10010100101011 (base 2) to base 14.
3679
4544 (base 15) to base 2
11100101100001
Convert -1233 (base 4) to base 13.
-87
What is 1423 (base 9) in base 10?
1074
Convert 2d2 (base 16) to base 9.
882
Convert 22355 (base 9) to base 11.
101a1
What is 286 (base 11) in base 14?
1a0
What is -61 (base 12) in base 15?
-4d
-30789 (base 12) to base 10
-63321
Convert 2002021 (base 3) to base 16.
5ef
20176 (base 8) to base 3
102102002
-111520 (base 6) to base 5
-300410
-c14 (base 15) to base 9
-3651
Convert -261 (base 7) to base 10.
-141
-4006 (base 7) to base 13
-820
What is 37787 (base 9) in base 14?
93a8
Convert -4314424 (base 5) to base 13.
-27382
32432 (base 6) to base 4
1012010
Convert 1a5b (base 13) to base 10.
3963
7c7 (base 13) to base 11
1014
-319 (base 10) to base 13
-1b7
What is -3121110 (base 4) in base 10?
-13908
3ef8 (base 16) to base 8
37370
Convert -2756 (base 12) to base 3.
-20012210
Convert -7e8b (base 15) to base 8.
-64432
What is -12c54 (base 15) in base 2?
-1110101011111010
What is 100000110001 (base 2) in base 4?
200301
Convert -10000300 (base 4) to base 2.
-100000000110000
What is bb97 (base 14) in base 13?
11a1c
What is 271a (base 13) in base 4?
1113200
What is -13036 (base 7) in base 2?
-110110000001
What is -44941 (base 10) in base 5?
-2414231
What is 10577 (base 9) in base 16?
1b7c
-12021 (base 5) to base 8
-1566
What is 334 (base 11) in base 13?
24a
What is 11021 (base 4) in base 14?
197
Convert -10510 (base 12) to base 3.
-1002110010
What is 10542 (base 9) in base 13?
325a
Convert 42 (base 16) to base 10.
66
What is -5007 (base 11) in base 14?
-25dc
Convert -102031 (base 4) to base 14.
-5d3
Convert 440120 (base 5) to base 13.
6ac7
Convert -4094 (base 12) to base 11.
-5306
Convert 1de9 (base 15) to base 9.
8843
Convert -104360 (base 7) to base 12.
-a768
What is -77a (base 16) in base 3?
-2121220
What is -3 (base 16) in base 11?
-3
What is -43252 (base 6) in base 12?
-3528
-40 (base 16) to base 2
-1000000
Convert 1305 (base 7) to base 14.
275
-6a16 (base 12) to base 7
-46323
Convert -424513 (base 6) to base 4.
-20132331
Convert -40 (base 11) to base 4.
-230
What is 34032 (base 5) in base 16?
958
Convert 2301 (base 5) to base 11.
277
Convert -110110011001 (base 2) to base 13.
-177a
Convert -2107 (base 8) to base 15.
-4d0
-12031231 (base 4) to base 7
-134131
What is -73c (base 14) in base 16?
-592
What is 19e (base 15) in base 2?
101110110
-b3a (base 14) to base 5
-32313
Convert -1115 (base 8) to base 15.
-294
-1715 (base 11) to base 2
-100010010010
Convert -20003 (base 5) to base 15.
-588
Convert 1b502 (base 12) to base 4.
21320102
1e0c (base 16) to base 9
11486
Convert -a85 (base 15) to base 6.
-14555
What is -c518 (base 14) in base 4?
-20102022
Convert 1112 (base 5) to base 16.
9d
-2040 (base 11) to base 5
-41311
What is 7965 (base 11) in base 13?
49cc
Convert 3461 (base 9) to base 15.
b61
What is 3035 (base 6) in base 13?
3c8
Convert -191 (base 12) to base 4.
-3331
What is 5021 (base 6) in base 12?
771
What is -151133 (base 8) in base 15?
-10e51
Convert 111101010 (base 2) to base 16.
1ea
47c (base 14) to base 12
626
-233666 (base 7) to base 6
-523152
What is 71 (base 15) in base 14?
78
What is -1003 (base 7) in base 8?
-532
What is 1395 (base 11) in base 15?
7ed
Convert -20121011 (base 3) to base 9.
-6534
7d1 (base 14) to base 13
928
Convert 6829 (base 11) to base 8.
21431
Convert 1347a (base 14) to base 9.
72182
Convert 30552 (base 9) to base 15.
5e75
What is -2 (base 7) in base 3?
-2
Convert 1413 (base 6) to base 2.
101110001
Convert b382 (base 14) to base 15.
9241
What is 211 (base 13) in base 8?
540
What is 2564 (base 8) in base 16?
574
What is -69 (base 13) in base 3?
-10020
96a7 (base 15) to base 7
161644
-106 (base 9) to base 16
-57
Convert -346 (base 8) to base 14.
-126
Convert -28b4 (base 16) to base 15.
-314a
What is -1202012 (base 3) in base 8?
-2372
Convert -2340 (base 11) to base 8.
-5775
What is -10203031 (base 4) in base 8?
-44315
Convert 212100 (base 5) to base 7.
26563
Convert 2827 (base 12) to base 15.
1594
What is -264 (base 13) in base 12?
-2b0
-13768 (base 15) to base 10
-62423
Convert -4035 (base 11) to base 16.
-14f2
What is -21131 (base 6) in base 7?
-11230
Convert -7099 (base 11) to base 5.
-300200
Convert -41145 (base 6) to base 9.
-7442
-2476 (base 10) to base 6
-15244
-d818 (base 16) to base 2
-1101100000011000
-1405 (base 6) to base 2
-101101101
-eed (base 16) to base 3
-12020112
-852 (base 10) to base 15
-3bc
-101011101101 (base 2) to base 15
-c67
What is 11312 (base 6) in base 11?
1250
-100000100 (base 2) to base 7
-521
What is 26bb (base 13) in base 3?
21122000
c1d5 (base 14) to base 15
9d0b
260 (base 9) to base 6
1000
-306 (base 13) to base 12
-369
-88 (base 13) to base 11
-a2
Convert -221021 (base 3) to base 6.
-3054
202 (base 16) to base 15
244
-1052 (base 8) to base 7
-1421
What is -10769 (base 13) in base 12?
-1531b
What is 4e (base 15) in base 12?
62
What is 4343 (base 12) in base 14?
29a3
What is 339 (base 11) in base 3?
120000
-480b (base 13) to base 2
-10011110100111
What is 456 (base 13) in base 15?
34c
Convert 6256 (base 12) to base 9.
15633
What is -127c9 (base 13) in base 14?
-c703
What is 1c9 (base 16) in base 11?
386
1201012 (base 3) to base 7
3431
-768 (base 9) to base 2
-1001110101
What is 222120200 (base 3) in base 16?
4bb1
What is 21113 (base 4) in base 5?
4344
What is -226 (base 7) in base 14?
-86
What is 21153 (base 6) in base 7?
11250
Convert -18652 (base 9) to base 4.
-3021332
Convert 2543 (base 7) to base 16.
3c2
532040 (base 6) to base 4
22203120
What is 134202 (base 5) in base 7?
22121
Convert 2550 (base 7) to base 6.
4250
What is 10a3 (base 12) in base 2?
11100111011
What is -2276 (base 10) in base 15?
-a1b
-24190 (base 10) to base 12
-11bba
17564 (base 11) to base 9
36710
Convert 708 (base 9) to base 11.
483
Convert 5e4 (base 15) to base 3.
1211121
Convert 347 (base 15) to base 14.
3b0
Convert 1125212 (base 6) to base 2.
1110001101001000
What is 38253 (base 11) in base 8?
153127
Convert -5201 (base 6) to base 11.
-959
What is 306a (ba